**2 - 39*u - 45. What is the hundreds digit of i(-6)?
7
Suppose 2*i - 4*d - 15 = -1, 21 = 3*i + 5*d. Let r(p) = 17*p**2 - 7*p + 44. What is the units digit of r(i)?
8
Let b = -72 + 71. Let z be (917/28 + 1)/(b/(-12)). Suppose -10*u + z = -5*u. What is the units digit of u?
1
Suppose r - 5 = 0, -r - 306 = 4*b - 3*r. Let y = -73 - b. What is the hundreds digit of y/3 - 814/(-6)?
1
What is the units digit of 4/(-14) + (-414701)/(-49)?
3
Let u(a) = -8*a**2 - 9*a - 14. Let l be u(-2). Let o be (-2976)/l - -6*(-3)/63. Let n = 253 - o. What is the tens digit of n?
4
Suppose -4*f + 16617 = -z - 4947, -5*z = 0. Suppose 8*i + 1743 - f = 0. What is the hundreds digit of i?
4
Let u(y) = 16 + 8 + 7*y + y + 15 - 29 + 12*y**2. Suppose -4 = n - 6*m + m, -3*n - 12 = 4*m. What is the tens digit of u(n)?
7
Suppose m + 1625 = 2*j, 4*j + 2*m = 3964 - 726. Suppose 0 = -3*v - 3, 2*d - j = 6*v - v. What is the hundreds digit of d?
4
Let l = 27570 + -243. What is the thousands digit of l?
7
Let i = -484 - -486. Suppose 0 = -i*b - 4*q + 2008, 0*b - 5*q - 4990 = -5*b. What is the tens digit of b?
0
What is the units digit of (-408)/18*(-4)/(40/315)?
4
Let j(u) = -u**3 + 6*u**2 + 3*u - 4. Suppose 3*b - 21 = -0. Let p be j(b). What is the tens digit of 528/p*8/(-6)?
2
Suppose 41*i = 31*i + 40. Suppose -3*t + 563 = i*a, -10*a + 5*a = -2*t - 698. What is the tens digit of a?
4
Let u(k) = -46*k - 299. Let j be u(-9). Let i = -44 + 1. Let o = i + j. What is the units digit of o?
2
Suppose 3*l - 4*l - 3*u - 5 = 0, -5*u = 4*l + 6. Let y = l - 17. What is the units digit of (y/(-36))/((-4)/6)*-9?
6
Let m(a) = a**2 - 14*a + 35. Let o be 4*(-3)/(-2)*62/4. Let k = o - 81. What is the tens digit of m(k)?
1
Let s(r) = 3*r - 5. Let d(w) = 1. Let n(q) = 3*d(q) - 3*s(q). Let v be n(14). Let z = 198 + v. What is the tens digit of z?
9
What is the thousands digit of -2 + (80071 + -6 - -7)?
0
Let a(m) = -829*m - 4. What is the thousands digit of a(-11)?
9
Let u(k) be the first derivative of 149*k**3/3 - 2*k**2 - 4*k - 48. What is the units digit of u(2)?
4
Let i(f) = 3*f**2 + 451*f + 314. What is the thousands digit of i(59)?
7
What is the tens digit of 14 + (-47)/(282/(-148104))?
9
Suppose 12*q + 6*q = -3096. Let r = 377 + q. What is the hundreds digit of r?
2
What is the tens digit of (45/21 + -14 - -11)/(4/(-46606))?
8
Let h(i) = 3*i - 17. Let a be h(10). Let p = a + -15. What is the units digit of 1/p + (-46)/(-4)?
1
Let g(o) = 53*o + 126. Let m(s) = 265*s + 627. Let q(h) = 11*g(h) - 2*m(h). What is the tens digit of q(19)?
3
Let k = 131 + -130. What is the hundreds digit of (k - -2)*(-13060)/(-60)?
6
Let z(a) = 40*a**3 + 10*a**2 - 12*a - 61. What is the ten thousands digit of z(10)?
4
Let w = 646 - -92. What is the tens digit of w?
3
What is the thousands digit of 93357/4 - 25/(-5) - (-11)/(-44)?
3
Suppose d - 105 = 3*m - 0*m, -553 = -5*d + m. Suppose -151 = 2*s + d. Let x = -85 - s. What is the units digit of x?
6
Let n be ((-1)/(-3))/((-5)/(-735)). Suppose 5*x - 456 = -z - n, -4*x + 1612 = 4*z. What is the units digit of z?
2
Let t(c) = -c**2 - 22*c + 29. Let u be t(-23). Let w be 10/(-45)*u*-3. Suppose 0 = w*k - 55 - 41. What is the units digit of k?
4
Let r = -20 + 24. Let y(b) = -33*b - 23*b - 11*b + r. What is the units digit of y(-1)?
1
Let k(w) = 19*w - 3614. Let j(r) = 13*r - 2410. Let s(t) = -8*j(t) + 5*k(t). What is the units digit of s(0)?
0
Suppose -6284*x = -6232*x - 196352. What is the units digit of x?
6
Let b = 10 + 0. Let s be (1 + b/(-25))*5. Suppose -r + 114 = v, -2*r - v - 108 = -s*r. What is the units digit of r?
1
Let g be (-1)/1*1*(-41 + 38). Suppose 727 = b + 4*b - 2*u, 2*b - 287 = -g*u. What is the tens digit of b?
4
Suppose -4*x + 2766 = 4*a + 746, 5*a - x - 2501 = 0. Suppose 1425 = 5*y - 5*k, -k + 366 = 3*y - a. Suppose 5*g - y = 2*g. What is the units digit of g?
6
Let j(i) = -i**2 - 17*i. Let n be j(-17). Suppose 300 = o - n*o + u, -2*u + 1202 = 4*o. What is the tens digit of o?
0
Let y(l) = 54*l**2 + 3*l + 2*l**2 + 0*l - 4. Let p be y(-2). Let o = -120 + p. What is the tens digit of o?
9
Let c be (-6 - (-8 + 0))/(2/8). Suppose 11*l - 12 = c*l. Suppose -5*j + 222 = l*f, 4*f - 42 = -j + 2*f. What is the units digit of j?
6
Suppose -3*r = -95*r + 89056. What is the units digit of r?
8
Let i(b) = -2*b**2 - 9*b - 15. Let f be i(-6). Let g(l) = l**2 + 34*l + 38. What is the units digit of g(f)?
5
Let r = 12863 - 6420. What is the thousands digit of r?
6
Let s = -105843 + 154250. What is the units digit of s?
7
Let x = 2331 - -1582. What is the tens digit of x?
1
Suppose c + 60 = -3*c. Let d(y) = -y**2 - 16*y - 15. Let l be d(c). What is the units digit of 100/(-6)*(l + 75/(-10))?
5
Suppose 22 - 8 = 2*t - 2*j, -j = 5. Suppose t*n = 363 + 219. What is the tens digit of n?
9
Suppose 1931*v - 1933*v - 2*r + 45458 = 0, -3*v + r + 68163 = 0. What is the ten thousands digit of v?
2
Let m = 19 - 8. Suppose 12*y = m*y + 93. Let l = y + -25. What is the tens digit of l?
6
Let z be ((-2196)/(-42))/(1/14). Suppose -2*g + g = 2*l - 488, -3*g = 3*l - z. What is the units digit of l?
4
Let n(o) = 3*o - 47. Let c = 8 + 8. Let i be n(c). What is the tens digit of 1407/18 - i/6?
7
What is the tens digit of -1 + -2 + 8 + (-85765)/(-5)?
5
Suppose -21 = -5*z - 3*w, 3*z + 5*w - 3*w - 13 = 0. Let j(m) = 73*m + 45. What is the hundreds digit of j(z)?
2
Let r(c) = c**2 - 7*c - 15. Let i be r(7). What is the units digit of (-6507)/i + 20/(-25)?
3
Let l(c) = -28*c + 1. Let x be l(-7). What is the tens digit of (4 - 5) + x - (-8)/(-8)?
9
Let p(o) = 7*o**2 - 9*o - 48. Let i be p(9). Suppose -i = 3*x - 1737. What is the units digit of x?
3
Suppose 720975 = 58*w + 133126 - 691573. What is the ten thousands digit of w?
2
Suppose 0*d - 5*x = -3*d + 302, 2*d + 3*x = 195. Let h = 21 - d. What is the tens digit of ((-94)/(-4))/((-13)/h)?
4
Let w(o) = -2*o - 3. Let x be w(-5). Suppose 18*u - 59 + 14 = 3*u. Suppose u*v = x*v - 724. What is the units digit of v?
1
Let n(b) = 5*b**2 - 3*b + 1. Let g(l) = -6*l**2 + 2*l. Let d(h) = -4*g(h) - 5*n(h). Let s be d(7). What is the tens digit of (-148)/(-6) + -2*s/(-15)?
2
Let g be 95/(-2)*(1 - (-27)/(-15)). Suppose -4*h + 19 = -1. Suppose h*f = 312 + g. What is the units digit of f?
0
Suppose -28810 = -3*b + 2*g, -16*g - 38424 = -4*b - 12*g. What is the tens digit of b?
9
Let f = -392 - -164. Suppose 45*s + 41*s = -8207 + 1929. Let n = s - f. What is the units digit of n?
5
Let v be ((-18)/(-3))/(-3) + 224/7. Suppose 35*x - 900 = v*x. Suppose -4*a = -48 - x. What is the units digit of a?
7
Let q be 13*5/25 - 4/(-10). Suppose -10 = 5*g, q*y - 6*g = -g - 308. Let u = y + 138. What is the units digit of u?
2
Let q be 281 + (-12 - (0 - 6)). Suppose 0 = 5*r + 5*k - q, -r + 74 = 2*k + 19. What is the units digit of r?
5
Let t = -427 + 432. What is the units digit of t?
5
Let t(d) be the first derivative of 15/2*d**2 - 11 - 10/3*d**3 - 9*d + 1/4*d**4. What is the tens digit of t(9)?
4
What is the thousands digit of 4 + (-5677)/(-1) - 14?
5
Let h(r) = -45*r + 2163. What is the tens digit of h(-54)?
9
Let g be 40/12*(-1)/((-30)/36). What is the tens digit of (1 - 978/(-2)) + g?
9
Let l(s) = -s**3 + 19*s**2 - 33*s - 15. Let m(h) = -3*h + 38. Let i be m(7). Let a be l(i). Let f(y) = 69*y - 24. What is the units digit of f(a)?
4
Let n = 6405 + 12884. What is the ten thousands digit of n?
1
Let p = 8092 + -4179. What is the thousands digit of p?
3
Let q = -35 - 9. Let a be ((0 - 0) + 1)/((-4)/q). Suppose -3*t + 44 = a. What is the tens digit of t?
1
What is the tens digit of 8*(-3)/(-18)*1851?
6
Let d(f) = 4*f**2 - 5*f + 4. Let w be d(1). Let o(q) = 26*q**2 + 2*q - 2. What is the hundreds digit of o(w)?
2
Let t = 175 - -40. Suppose -81 = -8*d + t. What is the units digit of d?
7
Let o = 25273 + 4170. What is the units digit of o?
3
Suppose 0 = -3*c + 3*z - 7*z + 104, -2 = -z. Let w be 401 - 420 - (-157 + 0). What is the tens digit of w - (1/4 + (-104)/c)?
4
Let v(t) = -2*t**2 + 11*t + 12. Let n be v(-11). Let d = 896 + n. What is the tens digit of d?
4
Suppose -28*r = 3*p - 31*r - 45, 2*p = -2*r + 34. What is the tens digit of p/5*(-22 + 287)?
4
Let u = 14736 + 1566. What is the hundreds digit of u?
3
Suppose -4*b - 24 = 3*j - 0*b, -2*j + 5*b - 39 = 0. Let o be j/